t of 15 + (-5)/((-75)/419355)?
9
Suppose -306675 = b + 5*l, 209128 - 1129177 = 3*b + 3*l. What is the units digit of (2/10)/((-83)/b)?
9
Suppose -927*m + 10 = -922*m. Suppose 3*c + 0*c = -m*n + 3011, 0 = -5*c + 3*n + 5050. What is the hundreds digit of c?
0
Let w(b) = 21*b - 136. Let q be w(6). What is the thousands digit of 1733 + (-7)/35*q?
1
Let g be ((-38)/(-57))/((5/(-6))/(-5)). Suppose i - 5*o = -21, -g*i = -o - 5 - 6. What is the units digit of ((-6)/9)/(i/(-264))?
4
Let t = -33540 - -65820. What is the hundreds digit of t?
2
Let p = 34 - 46. Let n be 1*52*3 - p/(-6). Let g = 5 + n. What is the units digit of g?
9
Suppose -k = 4*o + 11, 3*o + 0 = -3*k - 6. Let t = 34 - -11. What is the units digit of (t/(-20) - o)*(51 - -1)?
9
Suppose 7*s + 0*g - 3916 = 3*g, 0 = -5*g + 30. What is the units digit of s?
2
Let f(z) = -z**3 + 88*z**2 + 193*z - 613. What is the hundreds digit of f(83)?
8
Suppose 4*o + 2*w = 22, 4*o - 5*w = 7*o - 6. Suppose o*c + 56 = -0*c. What is the units digit of (-630)/(-25)*(-20)/c?
3
Let z = 8 + -5. Suppose s = n + 1, -5*n - 2*s - 15 = z*s. What is the tens digit of -24*(n - 12/(-8))?
1
Let c(w) = -18 - w**2 + 0*w - 6*w**2 - w**3 - 7*w**2 + 8*w. Let l be c(-15). Suppose 63 + l = 2*j. What is the units digit of j?
5
Let p(v) = 7*v**2 + 10*v - 9. Let d be p(1). Suppose -2*s = -d*s + 18. What is the units digit of (-5 - 4104/(-30)) + s/15?
2
What is the hundreds digit of ((-275140)/(-8))/(185/74)?
7
Let j(w) = -w**2 + 47*w - 11. Let o be (2 + 2)*4 - (-1)/1. What is the units digit of j(o)?
9
Let n = -34083 + 52671. What is the thousands digit of n?
8
Let k(j) = -64 + 28*j**2 - 25*j**2 - 3*j - 28*j. What is the tens digit of k(18)?
5
Suppose 0 = 2*o + 43 - 33. Let d(f) = -10*f**3 + 11*f**2 + 8*f + 20. What is the thousands digit of d(o)?
1
What is the thousands digit of 5 + (9 - (-2 + 11)) + (-11127)/(-1)?
1
Let u(x) = -2258*x + 2677. What is the thousands digit of u(-5)?
3
What is the units digit of (-2 + (-3753)/6)/(996/200 + -5)?
5
Let c(f) = -600*f**3 - 2*f**2 - 3*f. Let b be c(-1). Let k = b + -327. What is the hundreds digit of k?
2
What is the units digit of ((-3070100)/(-198))/(8/36)?
5
Suppose -142*n - 11*n = 119*n - 9435136. What is the tens digit of n?
8
What is the units digit of 47263/4 + (-16)/(-1088)*17?
6
Suppose 0 = -7*o + 8*o + 4*n - 2, 4*n = 3*o - 6. Suppose 0 = -3*u + o + 10. Suppose 114 = w + u*v, 318 = 5*w - 2*w + 4*v. What is the tens digit of w?
0
Suppose -48*l - 1939503 = -89*l + 4*l. What is the thousands digit of l?
2
Suppose -6 = -8*p + 5*p. Suppose 16 = -2*u - 0*u + p*s, -2*u = 2*s. What is the units digit of -1*116/8*u?
8
Suppose -5*q - 5*b - 25 = 0, -2*b - 10 = q - 0*q. Let h be q/(0 + -5 + 4). Suppose 2*p + 26 = 5*y - 3*y, h = 2*y + 3*p - 16. What is the tens digit of y?
1
Let q = 2871 - 2806. What is the tens digit of q?
6
Let k = 76282 + -51051. What is the ten thousands digit of k?
2
What is the tens digit of (((-95196)/(-15))/4)/((-33)/3465*-21)?
3
Suppose -2*c - 4*r + 37728 = 0, 4*c - 79241 = -5*r - 3782. What is the ten thousands digit of c?
1
Suppose -3*y = -5*j - 133 + 50, 47 = -3*j - y. Let z be 14/4 - (4 + 40/j). What is the units digit of ((-98)/(-1 - 0))/z?
9
Let a be 14940/40*(-2)/(-1). Suppose 52*p - 43*p - a = 0. What is the tens digit of p?
8
Let o = 11716 - 5718. What is the hundreds digit of o?
9
Let j(o) be the second derivative of 175*o**4/2 + 25*o**3/3 - 25*o**2 + 227*o. What is the thousands digit of j(1)?
1
Let c(v) = 16 - 21*v - 24 - v**2 + 3 + 19. What is the units digit of c(-10)?
4
What is the thousands digit of (38397975/(-18))/(-35) + (-1)/6?
0
What is the ten thousands digit of 5594280/132 + 90/(-99)?
4
What is the thousands digit of (-121)/((-4)/(-6) + 812/(-1200))?
2
Suppose 29*o = 2563 + 2802. Suppose -2*u = -4*y + 244, -7*y + o = -4*y - 2*u. What is the units digit of y?
9
Suppose -60 = 4*o - 4*q, -3*o + 2*q + 75 = -8*o. What is the hundreds digit of 26/(-5) - 3/o - -403?
3
Suppose -661*v + 634*v + 50922 = 0. What is the hundreds digit of v?
8
Suppose 92*i = -10269 + 470729. What is the hundreds digit of i?
0
Let a be (-3 - 34/(-10))/((-6)/(-45)). Let w(q) = -59*q - 29. Let f be w(-5). Suppose a*l = f - 56. What is the units digit of l?
0
Let s(x) = 71*x**2 - 6318*x - 85. What is the units digit of s(95)?
0
Let j(z) = 3*z**2 + 6*z + 5. Let k be j(-1). What is the units digit of 9/(9/k) + (-934)/(-2)?
9
Let l(f) = f**3 - 9*f**2 + 5*f + 5. Let s be l(9). Let u = s - 46. What is the tens digit of 5/(-10) - (-502)/u?
2
Let u = 41 + 78. Suppose -u*c = -121*c + 976. What is the hundreds digit of c?
4
Suppose 0 = 4*y - 3*o - 225, -2*y - 4 = 2*o - 106. Suppose -60*z + 444 = -y*z. What is the tens digit of z?
7
Let v be ((-44)/8 + 4 - -3)*-90. Let y = v - -247. What is the tens digit of y?
1
Let c(o) = 3*o**3 - 2*o**2 + 3. Let s(z) = z**3 - 10*z**2 + 9*z + 3. Let g be s(9). Suppose -4*r + g = -3*r. What is the units digit of c(r)?
6
Suppose -x + 1 = -7. Let m be 3563/(-3) + x/(-24). What is the tens digit of (2/4)/((-9)/m)?
6
Suppose 0 = 5*p - 2*h - 38918, -45*p = -49*p + 3*h + 31140. What is the units digit of p?
2
Let g = -62645 + 88419. What is the tens digit of g?
7
Let b = 7029 - 1763. What is the hundreds digit of b?
2
Suppose -5*a + 4*j - 289 = 0, 2*a + 3*j = -11 - 123. Let n = a - -37. Let o = 50 - n. What is the tens digit of o?
7
Let a = 325 - 432. Suppose -4*x - 1372 = -4*j, j + 2*x - 426 = -98. Let s = a + j. What is the units digit of s?
1
Let g(h) = -470 - 4*h + 466 - 2*h**2 - 6*h**3 - 20*h**3. What is the units digit of g(-3)?
2
Suppose f + 3*g - 10050 = 0, -5*f - 2*g = -29686 - 20590. Suppose 0 = 556*d - 548*d - f. What is the units digit of d?
7
Let u = -20337 + 59310. What is the tens digit of u?
7
Let r(q) = -30*q - 35. Let d(u) = -11*u**2. Let w be d(1). Let m be r(w). Suppose -i + m = 4*z - 383, 0 = -2*z - 2*i + 342. What is the tens digit of z?
6
Let v be 4/(-18) - ((-1589)/63 - -4). What is the tens digit of (-1 + v/15)*3830/4?
8
Let a = 12124 + 6131. What is the units digit of a?
5
Suppose 12*j = 11*j - 17*j + 620730. What is the hundreds digit of j?
4
Suppose 133*b = 131*b + 4, -4*b - 957 = -5*w. What is the hundreds digit of w?
1
What is the hundreds digit of (-91626)/(-5)*115/69?
5
Let t = 40 - 31. Let i be ((-30)/t)/(-2)*129. Suppose -5*h + 5*v = -i, 4*h - v - 27 - 145 = 0. What is the units digit of h?
3
Suppose 0 = -4*q - 4*y + 1904, q - y - 459 = 23. Let j = 816 - q. What is the units digit of j?
7
What is the tens digit of ((-2)/4)/(((-225)/(-245190))/(-15))?
7
Let x be (-103817)/(-28) + 2/8. What is the units digit of ((-1)/(-2))/(9/x)?
6
What is the thousands digit of (-7 + 28769/(-65))*(-80)/1?
5
Suppose -51 = 2*k - 55, 5*i - 2*k - 25776 = 0. What is the thousands digit of i?
5
Let z be ((-15)/9)/(20/(-15))*344. Let o be ((z*4)/2)/(5 - 4). Suppose 3*p = 8*p - o. What is the hundreds digit of p?
1
Let y = 8544 + 14855. What is the tens digit of y?
9
Let y = 106 + -128. Let j(l) = l**2 + 9*l + 31. What is the hundreds digit of j(y)?
3
Let a be (-6405)/20*(80/(-6))/(-5). Let s = 1540 + a. What is the tens digit of s?
8
Let z be (0 - 0) + -12 + 8. What is the tens digit of -4 + 7 - -1882 - z?
8
What is the hundreds digit of 140/6*(37 - (-26593)/35)?
5
Suppose 0 = -25*j + 792152 - 56477. What is the thousands digit of j?
9
Let k(y) = -16*y - 155. Let t be k(-10). Suppose -g + 7*h - t*h + 409 = 0, -h + 5 = 0. What is the tens digit of g?
1
Suppose 0 = -16*f + 8*f + 56. Suppose 0 = -f*c + 17*c - 2750. What is the units digit of c?
5
Suppose 11 = -3*c + 2, -5*j + 3*c + 9 = 0. Suppose -15*p + 11*p + 780 = j. What is the hundreds digit of p?
1
Let o(p) = 385*p + 5348. What is the hundreds digit of o(6)?
6
What is the hundreds digit of -5 - ((-6)/(-40)*-54114 - 2/(-20))?
1
Suppose 162*g - 159*g - 96 = 0. Suppose g*x = 48*x - 19216. What is the thousands digit of x?
1
Let h be (8/3 + 0)*(-261)/(-58). Suppose -h*f - 724 + 3868 = 0. What is the hundreds digit of f?
2
Let c be 0 - 5 - -3 - -530. Suppose k + 2*k = 5*q + 788, c = 2*k - 4*q. What is the hundreds digit of 4/(-2) - (-1 - k - -5)?
2
Let r = 12538 + 4355. What is the hundreds digit of r?
8
Let q = 4732 - 2043. What is the thousands digit of q?
2
Let x = 6 - 1. Let h(v) be the secon